rt -2381 (base 10) to base 13.
-1112
What is -103201 (base 4) in base 7?
-3433
Convert -7 (base 11) to base 4.
-13
What is -11111001110 (base 2) in base 7?
-5553
2b1 (base 13) to base 5
3412
Convert -1110110000 (base 2) to base 8.
-1660
Convert -1223012 (base 4) to base 11.
-5171
What is 382c (base 13) in base 10?
7981
What is -33013 (base 7) in base 16?
-2032
10002222221 (base 3) to base 7
343345
Convert 4114043 (base 5) to base 7.
365450
-111010011 (base 2) to base 5
-3332
Convert -42010 (base 5) to base 13.
-133c
Convert 361b (base 16) to base 6.
144043
Convert -311402 (base 5) to base 9.
-15023
Convert -20032002 (base 4) to base 11.
-23326
-765 (base 14) to base 16
-5b5
-1546 (base 8) to base 7
-2352
What is -23101 (base 6) in base 10?
-3277
-1328 (base 16) to base 3
-20201122
What is 3881 (base 10) in base 16?
f29
Convert -ad67 (base 15) to base 3.
-1212102221
-30303 (base 5) to base 6
-13013
What is 4 (base 11) in base 13?
4
-111111111000011 (base 2) to base 3
-1122212101
Convert -3e (base 16) to base 7.
-116
Convert -310440 (base 5) to base 6.
-114504
Convert 21c (base 13) to base 5.
2423
Convert -31762 (base 10) to base 11.
-21955
-6346 (base 10) to base 14
-2454
-3240 (base 5) to base 7
-1204
147170 (base 8) to base 3
2200111122
-45648 (base 9) to base 15
-902e
Convert 11310 (base 5) to base 10.
830
What is ba (base 15) in base 7?
340
Convert 864 (base 12) to base 3.
1200111
What is 7b0d (base 14) in base 13?
9965
Convert 13ab8 (base 14) to base 9.
73808
312501 (base 7) to base 10
53754
Convert 347 (base 13) to base 2.
1000110110
-6965 (base 10) to base 14
-2777
Convert -31300 (base 4) to base 14.
-46c
e4d (base 15) to base 11
2470
Convert 9494 (base 13) to base 7.
113654
8bd (base 16) to base 11
1754
20246 (base 7) to base 14
1b26
Convert -1224552 (base 6) to base 12.
-32158
What is -1101122 (base 4) in base 6?
-40042
7a3 (base 12) to base 11
939
What is 1720 (base 9) in base 12?
916
Convert 222210102 (base 3) to base 2.
100110001001100
-157 (base 14) to base 2
-100010001
What is 160 (base 13) in base 10?
247
-2140 (base 6) to base 2
-111101100
Convert 43115 (base 6) to base 11.
4465
-53a2 (base 12) to base 7
-35543
Convert 340 (base 14) to base 7.
1610
What is -1001000220 (base 3) in base 4?
-10333110
What is 2049 (base 12) in base 9?
4733
10000101 (base 2) to base 15
8d
-11022 (base 5) to base 6
-3310
Convert -e12 (base 16) to base 11.
-2785
Convert 1356 (base 13) to base 9.
3723
-101 (base 8) to base 5
-230
Convert -212344 (base 5) to base 2.
-1110000111000
What is 301131 (base 4) in base 12?
19b9
-1b4c (base 15) to base 12
-3516
What is -20110 (base 4) in base 9?
-651
What is -199 (base 13) in base 2?
-100100111
What is c69 (base 14) in base 11?
1923
-2444 (base 5) to base 4
-11312
Convert -7b1 (base 13) to base 10.
-1327
-4512 (base 6) to base 3
-1102222
613 (base 8) to base 6
1455
2873 (base 14) to base 2
1101111110101
What is 1101101001 (base 2) in base 6?
4013
What is -300130 (base 4) in base 14?
-11b6
What is -144 (base 7) in base 2?
-1010001
Convert -328 (base 9) to base 10.
-269
376 (base 10) to base 2
101111000
60225 (base 7) to base 15
4483
Convert -10101000000 (base 2) to base 5.
-20334
What is 83588 (base 10) in base 2?
10100011010000100
What is 133 (base 14) in base 16?
f1
-32110 (base 7) to base 15
-254a
What is 13b96 (base 12) in base 13?
c756
What is -1174 (base 9) in base 3?
-1012111
Convert -11111011000 (base 2) to base 15.
-8dd
532 (base 8) to base 11
295
-865 (base 11) to base 8
-2017
2152 (base 14) to base 10
5756
What is -7499 (base 13) in base 16?
-3f35
What is -102505 (base 6) in base 15?
-2748
-221120201 (base 3) to base 9
-27521
-1507 (base 10) to base 7
-4252
Convert 11111011 (base 2) to base 15.
11b
-1b088 (base 14) to base 6
-1250052
What is -dc4 (base 15) in base 4?
-300211
Convert 20221101 (base 3) to base 8.
11703
-7c60 (base 15) to base 3
-1100020100
12004 (base 5) to base 2
1101101111
Convert b3b8 (base 12) to base 9.
28765
What is 2023 (base 4) in base 2?
10001011
1235 (base 6) to base 16
137
What is 1170 (base 14) in base 8?
5736
Convert 4013144 (base 5) to base 15.
13c69
What is 533 (base 9) in base 15?
1e0
114011 (base 5) to base 4
1002200
-12158 (base 10) to base 3
-121200022
-3035 (base 9) to base 11
-1738
607 (base 12) to base 15
3d1
What is 1000001100010 (base 2) in base 7?
15141
Convert 654a (base 13) to base 11.
a649
-318 (base 13) to base 12
-380
a40 (base 14) to base 16
7e0
What is -1ca (base 15) in base 14?
-219
-476 (base 13) to base 10
-773
What is 10011011010 (base 2) in base 3?
1201000
What is 183 (base 13) in base 8?
424
What is -133013 (base 6) in base 2?
-11000000100001
Convert 11333 (base 5) to base 11.
6a7
What is 4b5 (base 16) in base 3?
1122122
-2131013 (base 4) to base 3
-111210102
Convert 16a8 (base 12) to base 13.
1313
Convert 728 (base 9) to base 11.
49a
-1082 (base 9) to base 13
-49a
-110e (base 15) to base 13
-1850
What is 101011010100111 (base 2) in base 15?
688d
-2323 (base 5) to base 14
-1a2
Convert 662 (base 12) to base 7.
2510
-1413 (base 7) to base 15
-269
-2230031 (base 4) to base 2
-10101100001101
Convert -102100101 (base 3) to base 6.
-102144
What is -12100131 (base 4) in base 16?
-641d
Convert 8f8 (base 16) to base 10.
2296
What is 13594 (base 10) in base 13?
6259
12698 (base 12) to base 14
9260
What is 31140 (base 5) in base 2?
11111111101
What is 27a6 (base 13) in base 11?
4324
What is -121622 (base 7) in base 16?
-56f6
What is -11321 (base 7) in base 2?
-101101011010
Convert -10302 (base 5) to base 11.
-589
Convert 10010011000 (base 2) to base 10.
1176
Convert -c29 (base 15) to base 4.
-222303
9d0 (base 14) to base 3
2200002
What is 2013302 (base 5) in base 2?
111111001000111
What is 42020 (base 6) in base 4?
1113330
What is 1031 (base 11) in base 13?
810
Convert 111111111010 (base 2) to base 11.
3089
What is -1c (base 13) in base 3?
-221
Convert -21 (base 5) to base 12.
-b
Convert 9d (base 16) to base 7.
313
What is 3121 (base 4) in base 8?
331
9354 (base 12) to base 4
3322300
Convert 2663 (base 8) to base 12.
a17
Convert 7924 (base 15) to base 11.
1832a
Convert 1130312 (base 4) to base 7.
23216
What is -364012 (base 7) in base 5?
-4104313
What is 22214 (base 5) in base 10?
1559
What is -31453 (base 7) in base 8?
-17144
428 (base 9) to base 3
110222
Convert -262 (base 9) to base 3.
-22002
-11340 (base 7) to base 15
-ce9
-286 (base 16) to base 13
-3a9
What is 23103 (base 8) in base 5?
303140
212221 (base 4) to base 14
c89
15533 (base 11) to base 5
1200222
What is 377 (base 15) in base 10?
787
What is 25d (base 15) in base 16?
21a
Convert -3872 (base 9) to base 16.
-b54
cb (base 14) to base 8
263
Convert -20434 (base 5) to base 10.
-1369
What is 68a4 (base 14) in base 16?
4700
What is 55356 (base 8) in base 9?
34834
Convert 32104 (base 5) to base 4.
201222
1012302 (base 4) to base 6
32550
What is 2255 (base 7) in base 13?
4b5
Convert -102105 (base 9) to base 11.
-41585
What is -380 (base 10) in base 6?
-1432
What is 180 (base 14) in base 3?
102102
What is -13d38 (base 14) in base 5?
-3033441
Convert -1001100110110 (base 2) to base 5.
-124133
-11f1 (base 16) to base 13
-2124
What is -15475 (base 10) in base 12?
-8b57
-2435 (base 6) to base 2
-1001010111
What is -407 (base 16) in base 4?
-100013
Convert -79 (base 10) to base 11.
-72
What is -5500 (base 8) in base 12?
-1800
154056 (base 8) to base 2
1101100000101110
What is -2b5 (base 14) in base 15?
-26b
Convert 11011101000 (base 2) to base 13.
a60
833 (base 14) to base 15
728
What is -15510 (base 6) in base 14?
-d10
-332212 (base 4) to base 2
-111110100110
What is -11550 (base 6) in base 11?
-1326
What is 14a (base 13) in base 9?
276
Convert -2201 (base 3) to base 6.
-201
Convert 80 (base 10) to base 9.
88
What is -134ab (base 14) in base 11?
-32828
110010111011 (base 2) to base 8
6273
-10010100000001 (base 2) to base 15
-2c18
Convert -271 (base 16) to base 13.
-391
What is -3616 (base 7) in base 4?
-110320
-32735 (base 12) to base 11
-46139
512 (base 9) to base 16
1a0
2132 (base 5) to base 10
292
Convert 21120 (base 3) to base 15.
d9
What is -214424 (base 7) in base 9?
-56518
1b34 (base 15) to base 13
28ba
1324043 (base 5) to base 7
141025
Convert 762 (base 8) to base 3.
200110
-1cbc9 (base 13) to bas